
2, 7
Let v(z) be the first derivative of -z**3/3 + 4*z + 7. Let w(k) = 2*k**2 - k - 7. Let i(m) = 7*v(m) + 4*w(m). What are the prime factors of i(8)?
2
Let l = -1 - -6. Suppose -3*d + 193 = -l. Suppose -5*p = 2*t - d, 0*p + t + 58 = 4*p. List the prime factors of p.
2, 7
Let o = -1351 - -2843. List the prime factors of o.
2, 373
Suppose -35 = -3*o - 14. Suppose 6*c = o*c - 3. List the prime factors of (1 - (c - 3)) + 43.
2, 11
Let g be (-5)/((1/4)/1). Let j(b) = -5*b - 26. List the prime factors of j(g).
2, 37
Let m(q) = 7*q**2 + 22*q**3 - 23*q**3 + 4*q - 3 + 12. List the prime factors of m(6).
3, 23
Suppose 190 - 4384 = 2*y. What are the prime factors of (-4)/22 + y/(-99)?
3, 7
Let y = 1444 + -1095. List the prime factors of y.
349
Let a be (-1755)/(-20) - 3 - 3/(-12). What are the prime factors of (5 - a/(-10))/((-1)/(-4))?
2, 3
Suppose 0 = n + n. Suppose n = 6*h - 3*h - 15. Let v(d) = 6*d + 12. List the prime factors of v(h).
2, 3, 7
Let a(x) = 414*x - 71. What are the prime factors of a(2)?
757
What are the prime factors of 12/54 + 679/63?
11
Let p = 115 - 112. What are the prime factors of 5 - 3*(-129)/p?
2, 67
Let q(j) = -j**3 - 2*j**2 + j + 1. Let w be (10/(-6))/((-2)/6). Suppose 3*u - w*f + 1 - 2 = 0, 2*f = 2*u + 2. List the prime factors of q(u).
7
Let c = -9 + 13. Suppose -c*k + 3 + 5 = 0. Suppose 0 = -3*w + 2*m + 128, k*w + 4*m = 5*w - 118. List the prime factors of w.
2, 23
Suppose 0 = 3*b + b + 3*t - 2776, -694 = -b + t. List the prime factors of b.
2, 347
Let y be (-1089)/(-9) + (1 - 1). Let t = 55 - y. Let a = t - -99. List the prime factors of a.
3, 11
Let c = -784 + 2784. List the prime factors of c.
2, 5
Let i be (-1785)/(-25) - (-6)/(-15). Let r = i - -36. List the prime factors of r.
107
Suppose -2*u + 34 = -4*h, -7*h - 8 = u - 4*h. Let y(o) = 5*o**2 - 16*o + 2. List the prime factors of y(u).
3, 5
Let f(s) be the third derivative of -4*s**2 + 0 + 0*s + 25/6*s**3 - 1/8*s**4. List the prime factors of f(-17).
2, 19
Let o(m) = -14*m**3 + 3*m**2 + m - 2. Let k = -69 + 67. What are the prime factors of o(k)?
2, 3, 5
Suppose 0 = -5*o - 3*j + 1752, -5*j = -2*o - 6*j + 700. Let b = o - 225. List the prime factors of b.
3, 41
Suppose 9*r = -4*r + 3757. Let z = 32 + r. What are the prime factors of z?
3, 107
Let j(t) = t**3 + 14*t**2 - 6*t - 19. Let y be j(-14). Suppose 2*w + 3*d = 111 + y, 172 = 2*w + 2*d. What are the prime factors of w?
2, 41
Let k be (1/(9/18))/(1/327). Let j = k - 389. What are the prime factors of j?
5, 53
Suppose -55 = -5*v + m + 4*m, -2*v + 5*m + 22 = 0. Let b = v - 10. Suppose 0 = 2*u - 5*r - 19, -8 = 3*u + 5*r + b. What are the prime factors of u?
2
Let s = 2468 + -612. List the prime factors of s.
2, 29
Let l = -27 - -23. List the prime factors of ((-1365)/2)/(-5) + (-2)/l.
137
Suppose 0 = 4*c + 5*v - 13, -c = -4*c - 4*v + 10. Suppose -7 = c*d + 9. What are the prime factors of ((-4)/(d/(-90)))/(-1)?
3, 5
Suppose -o - 5*u + 303 = -93, -5*o + 1980 = -3*u. List the prime factors of o.
2, 3, 11
Suppose -9392 + 944 = -16*m. List the prime factors of m.
2, 3, 11
Suppose 7324 = 7*m - 2056. List the prime factors of m.
2, 5, 67
Suppose p - 6*p + 25 = 0. Suppose -35 = -5*b + 4*f - f, -b - p*f = 21. List the prime factors of (-2)/b*(-52)/2.
13
Let c(m) = -m**3 - 9*m**2 - 4*m - 8. Let g be c(-9). Let r be 390/7 + 8/g. Suppose -22 - r = -3*j. What are the prime factors of j?
2, 13
Suppose -3*u + 11 + 3 = l, -2*l - 2*u + 12 = 0. Let g(x) = x**2 + x**3 + l*x**3 - 3*x**2 + 1 - 2*x**3 - 3*x. List the prime factors of g(4).
3, 7
Suppose -2*a + 12 = 2*a. Let b(t) = -t**2 + 4. Let p be b(0). Suppose -40 = -p*f + a*f. What are the prime factors of f?
2, 5
Suppose -4*u - 3*c = -22498, -170*u + 168*u = 5*c - 11242. What are the prime factors of u?
2, 29, 97
Suppose -r = -5*r + 36. Suppose 5*i = 2*i + r. Suppose 5*h + 34 = -i*v + 151, 22 = 2*h - 5*v. What are the prime factors of h?
3, 7
Suppose 84 = 8*z - 5780. List the prime factors of z.
733
Let g(h) = h**2 + 15*h + 3. Let l be g(-15). Suppose 0 = l*t - 0 + 15. Let p(x) = x**2 + 4*x + 6. List the prime factors of p(t).
11
Let i be 132/(-16) + 3/(-4). What are the prime factors of (i - 96)*2/(-3)?
2, 5, 7
Suppose 0 = 8*k - 4707 - 5637. What are the prime factors of k?
3, 431
Suppose 15*w + 13936 = 23*w. What are the prime factors of w?
2, 13, 67
Let r = 19 - -131. List the prime factors of r.
2, 3, 5
Let q = -74 - -91. What are the prime factors of q*(-3)/(-12)*4 - -2?
19
Let n(w) = w + 4. Let c be n(6). Suppose -i = -6*i + c. Suppose -2*r - 3*u + 94 + 9 = 0, -3*u - 85 = -i*r. List the prime factors of r.
47
Suppose -5*o + 4*b + 18 = -0*b, 0 = -2*b - 4. Let d be 7/(7/o) - 3. What are the prime factors of d + -3 + (23 - -3)?
2, 11
Suppose 13*d - 5*d - 32 = 0. Suppose 3*w = -12, -d*w = -u - 20 + 73. List the prime factors of u.
37
Suppose 0*c - 4*c = 4. Let x = -129 - -124. What are the prime factors of (22 - c) + (x - -5)?
23
Suppose -5*v - 8*a = -9*a - 9148, -5*a + 1840 = v. What are the prime factors of v?
2, 3, 5, 61
Suppose 11 = -5*z + 4*z + 4*u, 2*z + 2*u + 72 = 0. Let m = z - -61. List the prime factors of m.
2, 3, 5
Let h(z) = z**3 + z**2 - 4*z. Let w be h(-3). Let t(n) = -n**2 - 7*n - 11. Let o be t(w). What are the prime factors of (-7 - -3) + (48 - o)?
7
Let c be 5/10 + 21/(-2). Let i = c + 16. Suppose 9*n = i*n + 192. What are the prime factors of n?
2
Let m be (206/(-4))/((-4)/(-8)). Let w = m - -187. What are the prime factors of (2/(-4))/((-3)/w)?
2, 7
Suppose 0 = -9*y - 5*y - 56. Let j = y + 112. What are the prime factors of j?
2, 3
Suppose -2*j = 6*f - 5*f - 2975, 5*j - 5*f - 7400 = 0. List the prime factors of j.
3, 5, 11
Let u(w) = 479*w**3 + 2*w**2 + 4*w - 3. What are the prime factors of u(1)?
2, 241
What are the prime factors of (-132264)/(-360) - (-3)/5?
2, 23
Let s = -4 - -7. Let v be (216/(-20))/(s/(-20)). Suppose v = 3*w + 21. List the prime factors of w.
17
Let a = -317 + 298. Suppose 0 = -2*k + 4*n - 8, -7 = -0*k + k - 5*n. What are the prime factors of 1*(-2 + a)*k?
2, 3, 7
Suppose 0 = 2*p + 3*q - q - 308, p - 4*q = 174. List the prime factors of p.
2, 79
Let w(v) = 3*v**2 + 4*v + 9. Let g(b) = 3*b - 8. Let y be g(4). What are the prime factors of w(y)?
73
Suppose 257 + 115 = -62*k. Let f(v) be the second derivative of -v**5/20 - 5*v**4/12 - 5*v**3/6 + v. List the prime factors of f(k).
2, 3, 11
Let m = 0 + 27. Suppose l - 21 = m. What are the prime factors of l?
2, 3
Let k = 1057 + -648. List the prime factors of k.
409
Let c(p) be the third derivative of -p**4/6 + 7*p**3/6 - p**2. Let g(j) = 3*j - 7. Let b(w) = -4*c(w) - 5*g(w). List the prime factors of b(0).
7
Suppose 11*q - 10*q + 18 = 0. Let b = -5 - q. List the prime factors of b.
13
Let c(d) = -d. Let w be c(-12). What are the prime factors of (w - 4)*12*1?
2, 3
Let j(v) = -56*v - 60. What are the prime factors of j(-4)?
2, 41
Let o = -1956 - -2953. List the prime factors of o.
997
Let a be (-3 - -3)/1*1. Suppose a = 3*w - 297 + 57. What are the prime factors of w?
2, 5
Suppose 7*p + 5*p = 3240. What are the prime factors of p?
2, 3, 5
Suppose -14*d = -15239 - 4291. List the prime factors of d.
3, 5, 31
Let a be ((-48)/10)/(12/(-150)). Let i = a + -100. List the prime factors of 24/(-10)*i/8.
2, 3
Suppose -g = 3*j - 2*g + 9, -3 = j - g. Suppose -4*o - 3*b - 1 = 4, 5*o = 5*b + 20. List the prime factors of j - 0 - -24 - o.
2, 5
Suppose 2*p - 5*h + 9 = -8, 14 = p + 2*h. Suppose 0 = -j - p*j + 110. What are the prime factors of j?
2, 11
Let f(l) = -l**2 + 8*l + 13. Let b(y) = y - 2. Let r be b(11). Let g be f(r). Suppose 150 = g*m - 2*w, -4*m = 4*w - w - 125. What are the prime factors of m?
5, 7
Suppose -9 = 2*k + u, -5*u = -5*k + 20 - 5. Suppose -25 = 5*m - 10. List the prime factors of 5 + m + k/(-1).
2
Let h(f) be the third derivative of -f**6/120 - f**5/10 + 7*f**4/24 + 13*f**3/6 + 10*f**2. What are the prime factors of h(-7)?
13
Suppose 0*f - f + 2*x + 16 = 0, 68 = 3*f + 4*x. Let v = f - 15. What are the prime factors of 165/v - 2/(-2)?
2, 17
Suppose 0 = -5*w + 8*k - 10*k, -k = w. Suppose -j + 388 - 53 = 3*y, w = 2*j - y - 642. What are the prime factors of j?
17, 19
Let j(g) = 34*g**3 + g**2 + g - 1. Let d be j(1). Let y = d + 19. What are the prime factors of y?
2, 3
Let a be 6